{"id":1220,"date":"2025-07-10T12:23:35","date_gmt":"2025-07-10T12:23:35","guid":{"rendered":"https:\/\/www.boswil.com.ar\/?page_id=1220"},"modified":"2025-10-23T12:46:39","modified_gmt":"2025-10-23T12:46:39","slug":"fabrica","status":"publish","type":"page","link":"https:\/\/www.boswil.com.ar\/?page_id=1220","title":{"rendered":"F\u00e1brica"},"content":{"rendered":"\n<p>La nueva f\u00e1brica inaugurada el 18 de octubre de 2025 cuenta con 500 m\u00b2 y nos d\u00edo la posiblidad de aumentar el vol\u00famen de producci\u00f3n y agilizar todos los procesos. Desde la recepci\u00f3n de la materia prima hasta la entrega del producto terminado.<br>Seguimos invirtiendo en tecnolog\u00eda e infraestructura para mantener el alto nivel de calidad y compromiso que siempre caracteriz\u00f3 a la marca Boswil Outdoor, lo que nos sigue manteniendo en una posici\u00f3n predomiante en el mercado.<br><br>Contamos con taller de corte y confecci\u00f3n para toda nuestra l\u00ednea de productos, maquinaria y capital humano para poder satisfacer las necesidades de nuestra empresa y a la vez poder abastecer la demanda de marcas de terceros<\/p>\n\n\n\n<p><strong>Servicios que ofrecemos:<\/strong><\/p>\n\n\n\n<p>Dise\u00f1o y desarrollo de productos.<br>Fabricaci\u00f3n de muestras.<br>Branding\/Labelling<br>Corte y confecci\u00f3n.<br>Entrega de piezas terminadas en peque\u00f1as o grandes cantidades.<br><\/p>\n\n\n\n<p><\/p>\n","protected":false},"excerpt":{"rendered":"<p>La nueva f\u00e1brica inaugurada el 18 de octubre de 2025 cuenta con 500 m\u00b2 y nos d\u00edo la posiblidad de aumentar el vol\u00famen de producci\u00f3n y agilizar todos los procesos. Desde la recepci\u00f3n de la materia prima hasta la entrega del producto terminado.Seguimos invirtiendo en tecnolog\u00eda e infraestructura para mantener el alto nivel de calidad [&hellip;]<\/p>\n","protected":false},"author":3,"featured_media":0,"parent":0,"menu_order":0,"comment_status":"closed","ping_status":"closed","template":"","meta":{"footnotes":""},"class_list":["post-1220","page","type-page","status-publish","hentry"],"_links":{"self":[{"href":"https:\/\/www.boswil.com.ar\/index.php?rest_route=\/wp\/v2\/pages\/1220","targetHints":{"allow":["GET"]}}],"collection":[{"href":"https:\/\/www.boswil.com.ar\/index.php?rest_route=\/wp\/v2\/pages"}],"about":[{"href":"https:\/\/www.boswil.com.ar\/index.php?rest_route=\/wp\/v2\/types\/page"}],"author":[{"embeddable":true,"href":"https:\/\/www.boswil.com.ar\/index.php?rest_route=\/wp\/v2\/users\/3"}],"replies":[{"embeddable":true,"href":"https:\/\/www.boswil.com.ar\/index.php?rest_route=%2Fwp%2Fv2%2Fcomments&post=1220"}],"version-history":[{"count":7,"href":"https:\/\/www.boswil.com.ar\/index.php?rest_route=\/wp\/v2\/pages\/1220\/revisions"}],"predecessor-version":[{"id":1396,"href":"https:\/\/www.boswil.com.ar\/index.php?rest_route=\/wp\/v2\/pages\/1220\/revisions\/1396"}],"wp:attachment":[{"href":"https:\/\/www.boswil.com.ar\/index.php?rest_route=%2Fwp%2Fv2%2Fmedia&parent=1220"}],"curies":[{"name":"wp","href":"https:\/\/api.w.org\/{rel}","templated":true}]}}

Fábrica

<p>La nueva fábrica inaugurada el 18 de octubre de 2025 cuenta con 500 m² y nos dío la posiblidad de aumentar el volúmen de producción y agilizar todos los procesos. Desde la recepción de la materia prima hasta la entrega del producto terminado.<br>Seguimos invirtiendo en tecnología e infraestructura para mantener el alto nivel de calidad y compromiso que siempre caracterizó a la marca Boswil Outdoor, lo que nos sigue manteniendo en una posición predomiante en el mercado.<br><br>Contamos con taller de corte y confección para toda nuestra línea de productos, maquinaria y capital humano para poder satisfacer las necesidades de nuestra empresa y a la vez poder abastecer la demanda de marcas de terceros</p>



<p><strong>Servicios que ofrecemos:</strong></p>



<p>Diseño y desarrollo de productos.<br>Fabricación de muestras.<br>Branding/Labelling<br>Corte y confección.<br>Entrega de piezas terminadas en pequeñas o grandes cantidades.<br></p>



<p></p>

<p>La nueva fábrica inaugurada el 18 de octubre de 2025 cuenta con 500 m² y nos dío la posiblidad de aumentar el volúmen de producción y agilizar todos los procesos. Desde la recepción de la materia prima hasta la entrega del producto terminado.Seguimos invirtiendo en tecnología e infraestructura para mantener el alto nivel de calidad [&hellip;]</p>
